lculate the greatest common divisor of 10 and r.
10
Suppose -3*c + 0*c = t + 321, 3*c + 1302 = -4*t. Let n be (-11 + 9)*t/6. Let w = n - 72. Calculate the highest common divisor of w and 37.
37
Let r(h) = -51*h**2 + 27*h - 9. Let f(z) = -101*z**2 + 56*z - 17. Let u(t) = -6*f(t) + 11*r(t). Let l be u(2). What is the greatest common factor of 42 and l?
21
Let u = -9 - -153. Let n be (-1 - (-6 + 1))*16/(31 - 23). What is the highest common divisor of u and n?
8
Suppose -83*n - 5432 = -87*n. What is the greatest common divisor of n and 56?
14
Suppose -36*g - 684 = -40*g + 3*c, -4 = c. Let o = -42 + 78. Calculate the greatest common divisor of o and g.
12
Suppose -1020 = -62*a + 1956. What is the highest common factor of a and 12?
12
Suppose -63*o - 1129 = -9774 - 1939. Suppose 3*y - 2*y = 21. Calculate the highest common divisor of y and o.
21
Let b(g) = -9*g - 30. Let d be b(-4). Let j be 1 - (2 + d) - -292. Calculate the highest common factor of j and 171.
57
Suppose -4*x = 4*m - 204, -171*x + 166*x = -5*m - 225. Calculate the greatest common divisor of x and 304.
16
Suppose 8501 = 67*w - 42*w - 14099. Calculate the highest common divisor of 56 and w.
8
Let q be -3 + ((-12)/(-4) - -144). Calculate the greatest common divisor of 768 and q.
48
Let y = -9 + 17. Let h = y + 38. Suppose -4*k + 98 + h = 0. What is the highest common factor of k and 4?
4
Let w(g) be the second derivative of -g**5/20 - g**4/6 - 7*g**2 - 3*g + 1. Let i be w(-4). Calculate the greatest common factor of i and 126.
18
Suppose 3*s - 159 + 2 = -k, k + 113 = 2*s. Let m = -305 + 309. Suppose -m*p + 104 = 3*g - s, -68 = -2*p + 4*g. What is the highest common factor of p and 19?
19
Suppose -2*a - f = -32409, 2*f = 2*a + 6490 - 38872. What is the highest common divisor of a and 40?
40
Let k = 479 - 1035. Let t = -555 - k. Calculate the greatest common divisor of 37 and t.
1
Let g be ((-1 - -2) + -1435)/(((-441)/336)/7). What is the highest common factor of 32 and g?
32
Suppose 315 = 2*i - r, -160 = -i + 3*r - 0*r. Let d = -124 + 177. Let v = i - d. What is the highest common divisor of 8 and v?
8
Suppose 0*z = 5*z - 80. Let y = z + 1. Suppose 5*s - q - 4*q - 105 = 0, 0 = -3*s - 5*q + 31. Calculate the greatest common divisor of s and y.
17
Suppose 0 = 5*r + 4*a - 1447 + 76, -4*a = -2*r + 554. Suppose 4*m + 14 = 2*z, -8*z - 145 = -12*z - m. Calculate the greatest common divisor of z and r.
11
Let a(u) = 64*u - 213. Let d(w) = -43*w + 142. Let y(k) = 5*a(k) + 7*d(k). Let m be y(5). Let n = 29 - 23. What is the highest common factor of n and m?
6
Let j(n) = -116*n**3 + n**2 - 3*n - 5. Suppose 0 = f - 2*c + 7, 0 = -51*f + 50*f - c + 2. Let s be j(f). Calculate the greatest common factor of s and 23.
23
Let a = 15 - -156. Suppose 159*y - 162*y + a = 0. Calculate the greatest common factor of 76 and y.
19
Let k = 38 - 45. Let a be 2/k + 2 + 92/28. Suppose 5*m - 2*m = a*g - 174, -66 = -2*g + 3*m. What is the greatest common factor of g and 180?
36
Let f be (-1)/(-5) - (-518)/35. Suppose 94 - 754 = -f*v. Suppose -55*z = -53*z - v. What is the greatest common divisor of 55 and z?
11
Let n(t) = 32*t - 47. Let s be n(6). Suppose 8*m - 3*m = 5*i + s, -3*m + i + 89 = 0. What is the highest common factor of m and 80?
10
Let c be (-52910)/(-550) - (-12)/(-10). Let i(t) = 3*t - 4. Let b be i(3). What is the highest common divisor of b and c?
5
Suppose 4*k - 27 = -l - 10, -5*l = 7*k - 33. Let h be l/(-3)*156/(-13) - -2. What is the greatest common factor of h and 534?
6
Suppose -5*h - 595 = -5*b, -100 = -b - h + 13. What is the highest common factor of 2 and b?
2
Suppose 0*t - 69 = -24*t + 195. What is the highest common factor of 16269 and t?
11
Suppose 54 = 23*j - 22*j - 3*f, 5*f - 75 = -2*j. What is the greatest common factor of 190 and j?
5
Suppose 0 = 30*r + 110*r + 101*r - 16567545. What is the greatest common factor of r and 15?
15
Let f(x) = x**3 - 6*x**2 + 5*x - 7. Let h be f(6). Let s(m) = 9*m**3 + 99*m**2 + 42*m + 485. Let k be s(-11). Calculate the greatest common factor of k and h.
23
Let f be (-210)/45*3 + 51. Calculate the highest common factor of 1591 and f.
37
Let s be 158/22 - 8/44. Let f be (2/s - (-817)/7) + 0. Let i be f/(-12)*12/(-9). Calculate the greatest common factor of 39 and i.
13
Let b(j) = 276*j - 8821. Let c be b(32). What is the greatest common divisor of 8921 and c?
11
Suppose 2*b - 408 = -2*b. Let g(t) = 17*t - 72. Let f be g(4). Let n be 7 + (7 - -143) + f. What is the highest common factor of b and n?
51
Let d be (1 - -3)*(-5)/(-4). Suppose -d*s = 20, -6*k + s = -k - 809. What is the highest common factor of 23 and k?
23
Let h be ((-3)/(-4))/(5/480). Let m(u) = -u**3 - u**2 - u + 3. Let o be m(-3). What is the greatest common divisor of h and o?
24
Let i = -106 - -14. Let j = 103 + i. Calculate the greatest common factor of j and 88.
11
Let j(g) = 3*g**2 - 14*g - 5. Let f be j(6). Let u be 5*1 + f/(-19). Calculate the highest common factor of u and 20.
4
Suppose 2*x = -2*t + 2340, 3*x = 3*t + 1267 + 2261. What is the greatest common divisor of 345 and x?
69
Let i be (4 + 14/(-35))/((-2)/(-30)). Suppose -110 = -5*c + 2*h, -5*h = 4*c - 1 - i. Calculate the greatest common factor of c and 240.
20
Let l be (-31)/(1488/(-84)) - (-71938)/8. Calculate the highest common divisor of 6 and l.
6
Let v(a) = -2*a**3 + 38*a**2 - 34*a - 29. Let n be v(18). Suppose 217 = 8*f - n*f. What is the greatest common factor of f and 31?
31
Suppose 5*j = -5*n + 1155, -10*n - 2*j + 1170 = -5*n. Calculate the greatest common divisor of n and 1121.
59
Suppose n = -4*k + 20, -98*k + 99*k = -n + 23. Calculate the greatest common divisor of n and 6432.
24
Suppose 0 = -2*v + 5*s + 9, v + v = -2*s - 26. Let g be (v/(-10))/(9 + 626/(-70)). Calculate the greatest common factor of g and 14.
14
Let c(h) = 127*h**2 - 33*h + 63. Let a be c(3). What is the greatest common divisor of a and 164?
41
Let a(j) = -j**3 - 35*j**2 - 35*j - 28. Let n(b) = 22*b - 210. Let k be n(8). Let y be a(k). What is the greatest common factor of 1 and y?
1
Let m = -15971 - -23368. What is the greatest common factor of m and 13?
13
Suppose 0 = -9*d + 51 + 39. Suppose 0 = -4*t - 4*x + 92, 9*x - d*x = 5*t - 119. Calculate the greatest common divisor of t and 48.
24
Let d(j) = 27*j - 10. Let c be d(1). Suppose -c*w - 128 = -33*w. Calculate the highest common factor of w and 36.
4
Suppose -4*r = 5*l - 207, 5*l - 4*r = -r + 221. Suppose 296 = -16*d + 8*d. Let i be (-1076)/(-5) - d/(-185). What is the greatest common divisor of i and l?
43
Let m = 11719 + -11689. What is the highest common divisor of 12290 and m?
10
Let n(b) = -62*b + 526. Let r be n(5). What is the highest common factor of 2232 and r?
72
Let c(n) = 25*n**2 + n + 2. Let q be c(-2). Let f = 82 + -149. Let a = f + 92. Calculate the highest common divisor of q and a.
25
Let f = -38 + 67. Let o(j) = -2*j**2 + 36*j - 24. Let u be o(17). Suppose -u*b + 812 = -6*b. What is the greatest common factor of b and f?
29
Suppose 19*w = 867 + 7797. Let a = -235 + w. Calculate the greatest common factor of a and 13.
13
Let b = -50 - -135. Suppose 0 = 308*a + 111*a - 28881 - 291654. Calculate the greatest common factor of a and b.
85
Let f(d) = -3*d**3 - 2*d**2. Let n be f(-2). Let s be 252032/17952 + 8/(-204). Calculate the greatest common factor of s and n.
2
Let i(x) = x**2 - 14*x - 14. Let c be i(-8). Suppose -c = 36*y - 42*y. Calculate the greatest common factor of y and 90.
9
Suppose -l = -4*x - 33, 4*l - 141 = l - 2*x. Let v = l - 225. Let m be ((-644)/18)/(-1) + (-40)/v. What is the highest common factor of m and 24?
12
Let d(p) = p**3 - 5*p**2 - 5*p + 12. Let s be d(4). Let q be 510*1/((-9)/s). Suppose -9*y - q = -17*y. What is the highest common divisor of y and 10?
10
Suppose 3*m + 153 = 2*x, -1 = 3*m - 4*m. Suppose 4*a - a - x = 0. Let p = 3826 - 3761. Calculate the highest common divisor of a and p.
13
Let a(q) = 2*q**2 - 27*q - 144. Let p = -245 - -263. Let x be a(p). What is the greatest common divisor of x and 246?
6
Suppose -2*o + 3646 = 2*q - 1078, -10*q = o - 2416. Calculate the highest common divisor of o and 114.
38
Let s be 117/(-9) - (-2 + -219). What is the highest common factor of 130 and s?
26
Suppose -r = 9*r - 1080. Suppose -r = -4*p + 2*l, -81*p